he highest common factor of o and 11?
11
Let y = -106 + 77. Let n = y + 83. Calculate the highest common divisor of 135 and n.
27
Let m = 199 - 194. Calculate the highest common factor of 11 and m.
1
Suppose 82*h + 75*h - 12717 = 0. What is the highest common factor of h and 1296?
81
Let z = 55 + -53. Let i be (z - (-8)/4)*30. Calculate the greatest common divisor of 10 and i.
10
Let h = -229 + 254. What is the greatest common divisor of 5 and h?
5
Let m(y) = -y**3 - 7*y**2 + 4*y - 11. Let u be m(-7). Let r = 67 + u. Let s = 180 + -110. Calculate the greatest common divisor of r and s.
14
Let l = 60 - 130. Let n = l + 115. What is the highest common factor of n and 18?
9
Let p be 6/(-1 + -2) - (-912)/16. Let m be ((-22)/(-6))/(1/3). What is the highest common factor of m and p?
11
Suppose 2*y - 3*n = 609, -4*n + 0*n + 20 = 0. What is the greatest common factor of 390 and y?
78
Let u(q) = 2*q - 242 + q**2 + 3*q + 257. Let t be u(-6). Let l = 7 - 0. What is the highest common factor of t and l?
7
Suppose -1 + 129 = 2*o. Suppose -2*r + 3*r = 4. Suppose y = -r*y + 80. What is the highest common factor of o and y?
16
Suppose 0 = 4*d - 3*b - 64, -3*d - 5*b + 6 = -d. Suppose -4*p = -5*n + 135, 14 + d = n + p. Calculate the highest common divisor of 18 and n.
9
Let a be (1 - 0)/((-2)/6) + 28. What is the greatest common divisor of a and 25?
25
Suppose 0 = 10*v + 36 - 76. Calculate the greatest common divisor of v and 292.
4
Let y be 93/124*(-2 + 1960/12). Calculate the highest common factor of 121 and y.
121
Suppose -16 = 2*i + 4*b, 2*b + 4 = i - 2*b. Let g(q) = -3*q. Let t be g(i). Let d(j) = 8*j - 12. Let m be d(9). What is the highest common divisor of m and t?
12
Let j = -3205 + 3249. What is the greatest common divisor of 946 and j?
22
Let i(k) = k**2 - 9. Let o be i(9). Let y = o - 40. What is the highest common factor of 8 and y?
8
Suppose -5*p + 8 = -5*c - 47, 41 = -c - 5*p. Let n = c + 27. Calculate the highest common divisor of n and 55.
11
Let q = -26 - -28. Suppose -q*x - 3*h = -90, -147 - 31 = -4*x - 5*h. Let g be (0 + 15)*x/105. Calculate the greatest common factor of 54 and g.
6
Let c(k) = -k**3 + 11*k**2 - 5*k - 16. Let i be (56/(-16))/(9/(-6) - -1). Let l be c(i). What is the greatest common divisor of l and 58?
29
Let p(x) = 36*x + 48. Let d be ((-174)/(-21) - 0) + 4/(-14). Let i be p(d). What is the greatest common divisor of 42 and i?
42
Let d be (9 + -11)*(-1)/(2/12). Suppose -48 = d*y - 15*y. What is the greatest common divisor of y and 48?
16
Suppose -2*f + 7*f + 3*h = -45, 3*f + 5*h = -27. Let z(a) = a**2 + 11*a + 22. Let u be z(f). What is the highest common factor of 1 and u?
1
Let u = 17 - -4. What is the highest common divisor of u and 6?
3
Let j = -4 + 5. Suppose 2 = -3*t + 5*q - 1, -t - j = 2*q. Let w(m) = -4*m**3 - m. Let s be w(t). What is the greatest common divisor of s and 35?
5
Let x be (-4)/8 - 83715/(-30). What is the greatest common factor of 30 and x?
30
Let n be (-516)/4*150/(-45). Calculate the greatest common divisor of n and 10.
10
Let c = -67 + 63. Let d be 196/c*((-24)/(-14))/(-2). Calculate the highest common divisor of d and 21.
21
Let z = 21 + -12. Let q = 54 - z. What is the highest common divisor of q and 5?
5
Let b = 65 - 150. Let v = -60 - b. Calculate the greatest common divisor of v and 5.
5
Let i be ((-1)/1)/((-1)/(-5)*-1). Suppose -4*c + 54 = c + 2*k, i*k = 10. What is the highest common factor of 8 and c?
2
Suppose 64*c - 39463 = 22041. Calculate the highest common factor of 31 and c.
31
Let f be 285/76 + 2/8. Let m be (-1)/(-3) - 23/(-3). Calculate the highest common factor of f and m.
4
Suppose 3*s + t - 4 = 0, 4*s - 2*t + 20 = 3*t. Let m = 14 + s. Let v = 34 - -120. Calculate the highest common factor of m and v.
14
Let r(c) = -72*c**3 - c**2 + 3*c + 2. Let b be r(-1). Let u = 86 - b. Suppose 5*y - 2*y - 48 = 0. What is the greatest common factor of u and y?
16
Let i be (-4)/18 - 284/18. Let f be (-12)/i + (-81)/(-4). What is the highest common divisor of 14 and f?
7
Suppose v + v - 22 = -3*p, 4*v = 2*p + 44. What is the highest common divisor of 88 and v?
11
Let p = -35 + 38. Suppose 3*o - p*u - 43 = -4*u, -u = -2*o + 22. What is the greatest common divisor of o and 117?
13
Let m(d) = -1. Let x(b) = 2 + 18*b + 1 - b + 10*b. Let a(v) = -4*m(v) - x(v). Let o be a(-1). Calculate the highest common factor of o and 42.
14
Suppose -7*c + 2670 = -9916. What is the highest common factor of 58 and c?
58
Suppose 2*g + 63 = 5*g. Let q = -7 - -16. Let y be -3*(g/q - 3). What is the greatest common factor of 14 and y?
2
Let o = 49 - 49. Suppose -5*j - 3*f + 31 = -21, o = 3*j + 3*f - 36. Calculate the greatest common factor of j and 24.
8
Let g(y) = 16*y**2 - 2*y. Let s be g(1). What is the greatest common divisor of s and 126?
14
Suppose 0 = -2*u + 4*f + 136, 0 = 4*u - 5*f - 265 - 10. Let g(s) = -3*s - 5. Let d = -8 - -3. Let r be g(d). Calculate the greatest common factor of u and r.
10
Suppose -c = 5*z - 282, c + 1 + 2 = 0. Let j be (-9)/((-45)/20) - -15. Calculate the greatest common divisor of j and z.
19
Let o = -91 - -127. Suppose u - 3 = 2*l, -2*l - l + 15 = 5*u. Suppose 5*i = -3*g + 78, -3*g = u*i - 34 - 8. Calculate the greatest common divisor of o and i.
18
Suppose -7 = 10*p - 47. What is the greatest common divisor of 4 and p?
4
Let h be (-9)/(-6)*(-12)/(-9). Let z be (-9)/(-3 - -4 - h). Let g be 1276/132 + (10/(-6) - -1). What is the greatest common divisor of z and g?
9
Let i(v) = 7*v**2 + 3*v + 2. Let w be 5/(-15)*(1 + 2). Let p be i(w). Calculate the highest common divisor of 2 and p.
2
Let v(f) be the second derivative of 7/2*f**2 + 0 + f - 7/6*f**3. Let k be v(-5). Calculate the highest common factor of 6 and k.
6
Let n = 1836 - 696. Calculate the highest common factor of n and 120.
60
Suppose -31*a + 52 = -27*a. Suppose 133 - a = 5*r. What is the highest common divisor of r and 60?
12
Let q = 45 - -21. Suppose 3*c - q = -5*i, 0*i - i + 16 = 2*c. What is the highest common factor of 132 and i?
12
Let m(h) = -h**2 - 27*h - 43. Let b be m(-25). What is the greatest common factor of b and 91?
7
Let q(v) = 5 + 25*v**2 + 5*v - v - 1. Let u be q(-1). Calculate the greatest common divisor of u and 5.
5
Suppose f + 2 = 2*q - 9, -3*q + 3*f + 18 = 0. Suppose -v + q = 1, -v = 3*p - 10. What is the greatest common divisor of 14 and p?
2
Let v = 278 - 218. What is the greatest common divisor of v and 135?
15
Suppose -20*x = -30*x + 650. What is the greatest common factor of 5 and x?
5
Let y(v) = -90*v - 2. Let j be ((-28)/(-35))/(4/(-10)). Let g be j/(-8) - 15/12. Let s be y(g). What is the highest common factor of s and 8?
8
Let a(m) = m**3 + 5*m**2 + 3*m + 20. Let f be a(-5). Let w be 34 + -1 + -1 + 3. What is the highest common divisor of f and w?
5
Let s = -39 - -193. Suppose 0 = t + 2, 0 = -4*q + 2*t + t + 150. Suppose 2*z - 4*y - q = 0, 3*y = 2*z + 4*y - 26. What is the highest common factor of s and z?
14
Let c be (-3)/(-9) - 2/(-3). Let j(k) = k**2 + 34*k - 147. Let b be j(-38). Calculate the greatest common factor of b and c.
1
Let n = 836 - 814. Suppose 0 = d - 0*d - 4*j - 136, -4*d = 5*j - 523. Calculate the highest common factor of d and n.
22
Let t(x) = 2*x**2 + 5 - 1 - 7*x + 0*x**2. Let q be t(4). Suppose -99 = -p + 3*i - 10, 4*i = -3*p + 228. What is the highest common factor of p and q?
8
Let r(c) = 21*c**2 + 123*c - 3. Let k be r(-8). Calculate the highest common factor of 51 and k.
51
Suppose 1148 + 472 = -5*a. Suppose 5*x + 35 = 6*x. Let o be (-15)/x + a/(-21). What is the greatest common factor of o and 90?
15
Let b = -20 - -23. Suppose -5*h + 2*y + 48 = -y, -2*h = -b*y - 21. Let d(m) = -9*m. Let n be d(-11). Calculate the highest common factor of n and h.
9
Suppose -149*w + 156*w = -29 + 113. Let o be 11 + (1 - 0)/1. Calculate the greatest common factor of o and w.
12
Let l be 615/6*(-2 + -4). Let u be l/(-12) - (-4)/(-16). What is the greatest common factor of 17 and u?
17
Let f = -27 + 99. Calculate the highest common divisor of f and 40.
8
Suppose -2*a + 3*a = -2*u + 10, 2*a + 5*u - 24 = 0. Let b be 2/4*(2 + a). Let r be b*-5*-5 + 0. Calculate the greatest common factor of 20 and r.
10
Suppose i = 0, 3*i = 4*l - 0*l - 44. What is the highest common factor of l and 1?
1
S